69
What is the remainder when 2121 is divided by 213?
204
Calculate the remainder when 7533 is divided by 24.
21
Calculate the remainder when 221 is divided by 56.
53
What is the remainder when 5855 is divided by 63?
59
Calculate the remainder when 1502 is divided by 217.
200
Calculate the remainder when 12310 is divided by 4.
2
What is the remainder when 104 is divided by 80?
24
What is the remainder when 3014 is divided by 67?
66
Calculate the remainder when 4398 is divided by 50.
48
Calculate the remainder when 1020 is divided by 73.
71
Calculate the remainder when 38 is divided by 11.
5
Calculate the remainder when 544 is divided by 91.
89
Calculate the remainder when 190 is divided by 33.
25
What is the remainder when 4336 is divided by 480?
16
Calculate the remainder when 41 is divided by 11.
8
What is the remainder when 119 is divided by 18?
11
What is the remainder when 119 is divided by 31?
26
What is the remainder when 376 is divided by 95?
91
Calculate the remainder when 314 is divided by 29.
24
Calculate the remainder when 167 is divided by 19.
15
What is the remainder when 351 is divided by 173?
5
Calculate the remainder when 230 is divided by 44.
10
Calculate the remainder when 173 is divided by 58.
57
What is the remainder when 200 is divided by 66?
2
What is the remainder when 6628 is divided by 15?
13
What is the remainder when 264 is divided by 67?
63
What is the remainder when 14946 is divided by 101?
99
Calculate the remainder when 15681 is divided by 62.
57
What is the remainder when 666 is divided by 16?
10
Calculate the remainder when 19376 is divided by 10.
6
Calculate the remainder when 356 is divided by 10.
6
Calculate the remainder when 237 is divided by 80.
77
What is the remainder when 530 is divided by 48?
2
What is the remainder when 102 is divided by 46?
10
Calculate the remainder when 77 is divided by 17.
9
Calculate the remainder when 371 is divided by 17.
14
Calculate the remainder when 124 is divided by 116.
8
Calculate the remainder when 988 is divided by 15.
13
Calculate the remainder when 131 is divided by 67.
64
Calculate the remainder when 90 is divided by 57.
33
Calculate the remainder when 1507 is divided by 497.
16
What is the remainder when 3872 is divided by 102?
98
Calculate the remainder when 123 is divided by 14.
11
What is the remainder when 240 is divided by 11?
9
What is the remainder when 2067 is divided by 74?
69
Calculate the remainder when 589 is divided by 60.
49
What is the remainder when 207 is divided by 15?
12
Calculate the remainder when 556 is divided by 56.
52
Calculate the remainder when 364 is divided by 117.
13
What is the remainder when 173 is divided by 56?
5
Calculate the remainder when 66 is divided by 26.
14
Calculate the remainder when 6165 is divided by 10.
5
Calculate the remainder when 3334 is divided by 184.
22
What is the remainder when 10045 is divided by 30?
25
Calculate the remainder when 1432 is divided by 6.
4
What is the remainder when 227 is divided by 11?
7
What is the remainder when 11555 is divided by 107?
106
Calculate the remainder when 221 is divided by 18.
5
Calculate the remainder when 188 is divided by 62.
2
Calculate the remainder when 234 is divided by 23.
4
Calculate the remainder when 4069 is divided by 163.
157
What is the remainder when 456 is divided by 17?
14
Calculate the remainder when 397 is divided by 316.
81
What is the remainder when 140 is divided by 11?
8
What is the remainder when 104 is divided by 92?
12
Calculate the remainder when 1414 is divided by 49.
42
What is the remainder when 117 is divided by 8?
5
What is the remainder when 571 is divided by 143?
142
What is the remainder when 827 is divided by 42?
29
Calculate the remainder when 5657 is divided by 2828.
1
What is the remainder when 448 is divided by 144?
16
What is the remainder when 87 is divided by 39?
9
Calculate the remainder when 719 is divided by 238.
5
Calculate the remainder when 1224 is divided by 400.
24
What is the remainder when 93 is divided by 26?
15
What is the remainder when 2863 is divided by 8?
7
What is the remainder when 500 is divided by 242?
16
What is the remainder when 693 is divided by 96?
21
Calculate the remainder when 89 is divided by 25.
14
Calculate the remainder when 4567 is divided by 44.
35
Calculate the remainder when 416 is divided by 369.
47
Calculate the remainder when 26908 is divided by 71.
70
Calculate the remainder when 225 is divided by 26.
17
What is the remainder when 512 is divided by 76?
56
Calculate the remainder when 293 is divided by 14.
13
Calculate the remainder when 268 is divided by 76.
40
What is the remainder when 204 is divided by 200?
4
Calculate the remainder when 2249 is divided by 18.
17
What is the remainder when 235 is divided by 75?
10
What is the remainder when 334 is divided by 29?
15
Calculate the remainder when 55 is divided by 29.
26
What is the remainder when 1001 is divided by 196?
21
What is the remainder when 948 is divided by 19?
17
What is the remainder when 72 is divided by 28?
16
Calculate the remainder when 4488 is divided by 107.
101
What is the remainder when 6490 is divided by 34?
30
Calculate the remainder when 210 is divided by 116.
94
Calculate the remainder when 1967 is divided by 163.
11
Calculate the remainder when 1886 is divided by 209.
5
What is the remainder when 284 is divided by 52?
24
Calculate the remainder when 423 is divided by 32.
7
Calculate the remainder when 320 is divided by 109.
102
What is the remainder when 85 is divided by 33?
19
Calculate the remainder when 599 is divided by 40.
39
What is the remainder when 187 is divided by 176?
11
Calculate the remainder when 440 is divided by 21.
20
What is the remainder when 326 is divided by 41?
39
What is the remainder when 265 is divided by 7?
6
Calculate the remainder when 2432 is divided by 77.
45
Calculate the remainder when 1674 is divided by 129.
126
Calculate the remainder when 573 is divided by 542.
31
What is the remainder when 66 is divided by 39?
27
Calculate the remainder when 2036 is divided by 9.
2
Calculate the remainder when 3022 is divided by 12.
10
Calculate the remainder when 96 is divided by 51.
45
What is the remainder when 46 is divided by 31?
15
What is the remainder when 164 is divided by 3?
2
Calculate the remainder when 106 is divided by 76.
30
Calculate the remainder when 2123 is divided by 374.
253
Calculate the remainder when 177 is divided by 90.
87
What is the remainder when 250 is divided by 238?
12
Calculate the remainder when 598 is divided by 55.
48
What is the remainder when 47 is divided by 17?
13
Calculate the remainder when 105 is divided by 24.
9
What is the remainder when 39 is divided by 30?
9
What is the remainder when 148 is divided by 32?
20
What is the remainder when 64 is divided by 17?
13
What is the remainder when 1108 is divided by 151?
51
Calculate the remainder when 1081 is divided by 360.
1
What is the remainder when 350 is divided by 44?
42
What is the remainder when 295 is divided by 55?
20
What is the remainder when 191 is divided by 48?
47
What is the remainder when 173 is divided by 8?
5
What is the remainder when 4485 is divided by 12?
9
What is the remainder when 4754 is divided by 13?
9
Calculate the remainder when 275 is divided by 75.
50
Calculate the remainder when 3022 is divided by 42.
40
What is the remainder when 4809 is divided by 1603?
0
Calculate the remainder when 294 is divided by 63.
42
Calculate the remainder when 1401 is divided by 49.
29
What is the remainder when 363 is divided by 101?
60
What is the remainder when 173 is divided by 68?
37
Calculate the remainder when 56 is divided by 22.
12
What is the remainder when 262 is divided by 11?
9
What is the remainder when 507 is divided by 128?
123
Calculate the remainder when 64 is divided by 11.
9
Calculate the remainder when 64 is divided by 3.
1
What is the remainder when 44 is divided by 24?
20
Calculate the remainder when 263 is divided by 34.
25
What is the remainder when 31 is divided by 11?
9
Calculate the remainder when 48 is divided by 12.
0
What is the remainder when 1669 is divided by 5?
4
What is the remainder when 189 is divided by 15?
9
What is the remainder when 3724 is divided by 69?